{"id":190,"date":"2020-09-05T20:09:39","date_gmt":"2020-09-05T18:09:39","guid":{"rendered":"http:\/\/duudinka.com\/?page_id=190"},"modified":"2022-06-20T13:20:45","modified_gmt":"2022-06-20T11:20:45","slug":"pieces-radiophoniques","status":"publish","type":"page","link":"https:\/\/duudinka.com\/?page_id=190","title":{"rendered":"Pi\u00e8ces radiophoniques"},"content":{"rendered":"\n<p>Entre les notes et les samples, il y a d&#8217;autres samples et les silences. Il y a une envie de siroter le son par petites lamp\u00e9es. D\u2019o\u00f9 un grand attrait pour les balades avec un micro toujours dans la poche qui donnent lieu a un genre plut\u00f4t radiophonique.<br>On d\u00e9coupe, triture dans tous les sens, fait frire d&#8217;un cot\u00e9 , rabote par ici, redore un peu par ici.<br>Des ambiances susurr\u00e9es.<br>Des portes qui claquent, des espaces physiques impossibles. Un muezzin d&#8217;Istanbul et un orgue de Zagreb. Une partie de poker serr\u00e9e ou l&#8217;on parie des p\u00e2tes. Un m\u00e9tro londonien qu&#8217;on passe a la tondeuse.<br><br><a rel=\"noreferrer noopener\" href=\"https:\/\/soundcloud.com\/duudinka\/salons-multiple-en-edition-exacte\" target=\"_blank\">Salons Multiples en Edition Exacte<\/a> , des parties de cartes se croisent. Ce qu&#8217;il se joue est bien plus serieux qu&#8217;il n&#8217;y parait. <br><em>Game of cards cross each other. What is being played is much more serious than it seems.<\/em><br><a href=\"https:\/\/soundcloud.com\/duudinka\/17h40\">17h40<\/a>, paysage sonore et musicalit\u00e9 d&#8217;un voyage a Londres, Copenhague. <em>Soundscape in London and Copenhagen.<\/em><br><a href=\"https:\/\/soundcloud.com\/duudinka\/viet-nam-album-sonore\">Vietnam &#8211; Paysage sonore<\/a><br><a href=\"https:\/\/soundcloud.com\/duudinka\/le-dragon-sel\" data-type=\"URL\" data-id=\"https:\/\/soundcloud.com\/duudinka\/le-dragon-sel\">Le dragon-sel<\/a>, un nouvel an a la mer, dans laquelle beaucoup d&#8217;oeufs. <em>New Year&#8217;s Eve at the sea side. A lot of eggs.<\/em><br><a href=\"https:\/\/soundcloud.com\/duudinka\/rote-beethoven-suppe\">Rote Beethoven Suppe<\/a>, concours de remixage de la 7e Symphonie de Beethoven. <em>Remix competition of the 7th Symphony of Beethoven<\/em><br><strong><a href=\"https:\/\/soundcloud.com\/duudinka\/ferrandipity?in=duudinka\/sets\/of-mice-and-mice-1\">Ferrandipity<\/a><\/strong>. La rigueur d\u2019une \u00e9cole d\u2019art culinaire parisienne, ou le d\u00e9coupage sonore tranche avec celui des caramels mous, et nous propose un acc\u00e8s aux coulisses des entremets aux finitions parfaites.  Quel est le son de l\u2019exigence, en quoi se mutent le fragile, l\u2019humain, l\u2019accident lorsqu\u2019ils sont plong\u00e9s dans un univers ou la perfection semble \u00eatre un but en soi\u00a0?<em>The rigor of a Parisian school of culinary art, where the sound cutting contrasts with that of soft toffees, and offers us access to the backstage of perfectly finished desserts. What is the sound of high expectations, how does the fragile, the human, the accident mutates when they are immersed in a universe where perfection seems to be a goal in itself?<\/em><br><br><strong><a href=\"https:\/\/soundcloud.com\/duudinka\/s-t?in=duudinka\/sets\/of-mice-and-mice-1\">Stones and Toothpaste<\/a><\/strong> est la porte que l\u2019on ferme depuis des ann\u00e9es. Elle se situe au croisement entre le patrimoine sonore d\u2019une maison familiale vou\u00e9e \u00e0 changer de mains et le d\u00e9sir de conjuguer les \u00e9chos estivaux enfantins aux amiti\u00e9s adultes.<br><em>This is the door that is being closed for years. It is located at the crossroads between the sound heritage of a family home destined to change hands and the desire to combine the summer echoes of childhood with adult friendships.<\/em><br><br><strong>Otto Ma<\/strong> (<strong><a href=\"https:\/\/soundcloud.com\/duudinka\/otto-ma-part-1?in=duudinka\/sets\/of-mice-and-mice-1\">Part 1<\/a>, <a href=\"https:\/\/soundcloud.com\/duudinka\/otto-ma-part-2?in=duudinka\/sets\/of-mice-and-mice-1\">Part 2<\/a>) <\/strong>cherche a faire coexister dans le m\u00eame espace sonore des religions et des langues, de l\u2019intime et du vulgaire, et r\u00eave d\u2019abattre les cloisons qui empoisonnent les imaginaires et sont un terreau fertile au populisme et d\u00e9rives fascistes.<br><em>These pieces seek to make religions and languages, the intimate and the vulgar, coexist in the same sound space, and dreams of breaking down the partitions that poison the imagination and are a fertile breeding ground for populism and fascist excesses.<\/em><\/p>\n\n\n\n<p><br><br>Certaines pi\u00e8ces ont \u00e9t\u00e9 diffus\u00e9es sur Radio Campus Bruxelles et Radiophrenia<\/p>\n","protected":false},"excerpt":{"rendered":"<p>Entre les notes et les samples, il y a d&#8217;autres samples et les silences. Il y a une envie de siroter le son par petites lamp\u00e9es. D\u2019o\u00f9 un grand attrait pour les balades avec un micro toujours dans la poche qui donnent lieu a un genre plut\u00f4t radiophonique.On d\u00e9coupe, triture dans tous les sens, fait &hellip; <\/p>\n<p class=\"link-more\"><a href=\"https:\/\/duudinka.com\/?page_id=190\" class=\"more-link\">Continue reading<span class=\"screen-reader-text\"> &#8220;Pi\u00e8ces radiophoniques&#8221;<\/span><\/a><\/p>\n","protected":false},"author":1,"featured_media":0,"parent":0,"menu_order":0,"comment_status":"closed","ping_status":"closed","template":"","meta":[],"_links":{"self":[{"href":"https:\/\/duudinka.com\/index.php?rest_route=\/wp\/v2\/pages\/190"}],"collection":[{"href":"https:\/\/duudinka.com\/index.php?rest_route=\/wp\/v2\/pages"}],"about":[{"href":"https:\/\/duudinka.com\/index.php?rest_route=\/wp\/v2\/types\/page"}],"author":[{"embeddable":true,"href":"https:\/\/duudinka.com\/index.php?rest_route=\/wp\/v2\/users\/1"}],"replies":[{"embeddable":true,"href":"https:\/\/duudinka.com\/index.php?rest_route=%2Fwp%2Fv2%2Fcomments&post=190"}],"version-history":[{"count":9,"href":"https:\/\/duudinka.com\/index.php?rest_route=\/wp\/v2\/pages\/190\/revisions"}],"predecessor-version":[{"id":361,"href":"https:\/\/duudinka.com\/index.php?rest_route=\/wp\/v2\/pages\/190\/revisions\/361"}],"wp:attachment":[{"href":"https:\/\/duudinka.com\/index.php?rest_route=%2Fwp%2Fv2%2Fmedia&parent=190"}],"curies":[{"name":"wp","href":"https:\/\/api.w.org\/{rel}","templated":true}]}}