{"id":191,"date":"2020-09-05T20:09:39","date_gmt":"2020-09-05T18:09:39","guid":{"rendered":"http:\/\/duudinka.com\/?page_id=191"},"modified":"2023-10-20T00:13:57","modified_gmt":"2023-10-19T22:13:57","slug":"censure","status":"publish","type":"page","link":"https:\/\/duudinka.com\/?page_id=191","title":{"rendered":"Censure!"},"content":{"rendered":"\n<p><a href=\"https:\/\/soundcloud.com\/constanceleon\/censure-version-entiere\" data-type=\"URL\" data-id=\"https:\/\/soundcloud.com\/constanceleon\/censure-version-entiere\">Censure!<\/a> est un documentaire sonore qui \u00e9voque les violences <strong>des<\/strong> femmes.<br>La violence des femmes est largement invisibilis\u00e9e. Et quand elle est exerc\u00e9e, c&#8217;est par des figures arch\u00e9typales : la folle, la virago, la monstre. Censure est une s\u00e9rie de podcasts en 4 \u00e9pisodes questionnant cette mise au placard qui nous emp\u00eache de panser cette violence.<br>Il a \u00e9t\u00e9 cocr\u00e9\u00e9 avec le journaliste et artiste Constant L\u00e9on.<\/p>\n\n\n\n<h3><span style=\"text-decoration: underline;\">Censure! &#8211; 0\/3 &#8211; le corps<\/span><\/h3>\n\n\n\n<p>Cet \u00e9pisode parle des censures qui s&#8217;exercent sur le corps des femmes.<br><\/p>\n\n\n\n<h3><span style=\"text-decoration: underline;\">Censure! &#8211; 1\/3 &#8211; la violence des femmes &#8211; repr\u00e9sentation<\/span><\/h3>\n\n\n\n<p>Rencontrer des personnes sexis\u00e9es, autrices de violences pour comprendre les racines de la violence, ses repr\u00e9sentations : pourquoi est-elle tabou ? Comment se r\u00e9approprier cette violence comme une puissance pour mieux s\u2019en \u00e9manciper ? Comment cette violence est invisibilis\u00e9e par notre soci\u00e9t\u00e9, notre culture, le droit ?<\/p>\n\n\n\n<h3><span style=\"text-decoration: underline;\">Censure! &#8211; 2 \/3 &#8211; des vies sur la d\u00e9fensive : des m\u00e9canismes oppresseurs<\/span><\/h3>\n\n\n\n<p>Nous sommes all\u00e9.e.s explorer la repr\u00e9sentation de la violence des personnes sexis\u00e9es, avec une approche judiciaire et historique, puis des diff\u00e9rents m\u00e9canismes \u00e0 l&#8217;\u0153uvre autour de la violence. Quelles r\u00e9actions sont-elles \u00e0 l&#8217;\u0153uvre apr\u00e8s un trauma ?<\/p>\n\n\n\n<h3><span style=\"text-decoration: underline;\">Censure! &#8211; 3\/3 &#8211; la violence comme force \u00e9mancipatrice<\/span><\/h3>\n\n\n\n<p>Peut-on utiliser la violence comme une strat\u00e9gie transitoire ? Donner des contours \u00e0 la violence, la nommer pour se r\u00e9approprier notre force sans l&#8217;utiliser contre.<\/p>\n\n\n\n<h2>Pour \u00e9couter<\/h2>\n\n\n\n<figure class=\"wp-block-embed-soundcloud wp-block-embed is-type-rich is-provider-soundcloud wp-embed-aspect-4-3 wp-has-aspect-ratio\"><div class=\"wp-block-embed__wrapper\">\n<iframe title=\"Censure - La violence des femmes by Duu Din Ka\" width=\"525\" height=\"450\" scrolling=\"no\" frameborder=\"no\" src=\"https:\/\/w.soundcloud.com\/player\/?visual=true&#038;url=https%3A%2F%2Fapi.soundcloud.com%2Fplaylists%2F1498607476&#038;show_artwork=true&#038;maxheight=788&#038;maxwidth=525\"><\/iframe>\n<\/div><\/figure>\n\n\n\n<h2>Prix<\/h2>\n\n\n\n<p>Censure! chapitre 0 a gagn\u00e9 le prix du podcast GroundControl 2020, et a \u00e9galement \u00e9t\u00e9 s\u00e9lectionn\u00e9 au prix du public du Brussels Podcast Festival 2021.<br>Censure ! chapitre 1 a \u00e9t\u00e9 s\u00e9lectionn\u00e9 aux petites ondes 2023.<\/p>\n\n\n\n<h2>Cr\u00e9dits<\/h2>\n\n\n\n<p>Merci \u00e0 tous.tes les contributeur.ices du financement participatif qui nous a permis de financer ce documentaire, ainsi qu&#8217;\u00e0 Peggy Larrieu sp\u00e9cialiste du droit , Laila Salim psychologue en prison, Les d\u00e9cha\u00een\u00e9es de Marseille, Gwena\u00eblle, Pola Elsa Dorlin autrice de Se d\u00e9fendre, Camille, Marion S\u00e9nat, Irene Zeilinger de l&#8217;association Garance \u00e0 Bruxelles, Julie Denoix, formatrice d&#8217;auto-d\u00e9fense \u00e0 la m\u00e9thode f\u00e9ministe Riposte pour l&#8217;association Arcaf13, M\u00e9lody a suivi de nombreux stages d&#8217;auto d\u00e9fenses f\u00e9ministes \u00e0 Bruxelles, L&#8217;architecture qui d\u00e9genre \u00e0 Bruxelles, Edna.<br>Dans l&#8217;\u00e9pisode 0, on entend les histoires de <a href=\"http:\/\/www.instagram.com\/_callophrys_\/?hl=fr\">Jade Padey<\/a>, <a href=\"http:\/\/www.agencesartistiques.com\/Fiche-Artis%E2%80%A6html?lng=en\">Claudia Mongumu<\/a>, <a href=\"http:\/\/fr.wikipedia.org\/wiki\/Zainab_Fasiki\">Zainab Fasiki<\/a>, <a href=\"http:\/\/www.romyalizee.fr\/\">Romy Aliz\u00e9e<\/a>, <a href=\"http:\/\/bicause.fr\/2019-en-quelques-dates\/\">Sasha Yaropolskaya<\/a>&nbsp;&nbsp;et les voix de Constance Georg\u00e9, Colette Jardin, Cl\u00e9mentine Saleron, Marion S\u00e9nat, Virginie Despentes, Angela Davis.<\/p>\n\n\n\n<p>R\u00e9alisation : Constant L\u00e9on et Mathilde Schoenauer Sebag<br>Prise de son. Constant L\u00e9on.<br>Montag. Constant L\u00e9on, Mathilde Schoenauer Sebag<br>Cr\u00e9ation sonore. Duu Din Ka<br>Mixage Mathilde Schoenauer Sebag<\/p>\n","protected":false},"excerpt":{"rendered":"<p>Censure! est un documentaire sonore qui \u00e9voque les violences des femmes.La violence des femmes est largement invisibilis\u00e9e. Et quand elle est exerc\u00e9e, c&#8217;est par des figures arch\u00e9typales : la folle, la virago, la monstre. Censure est une s\u00e9rie de podcasts en 4 \u00e9pisodes questionnant cette mise au placard qui nous emp\u00eache de panser cette violence.Il &hellip; <\/p>\n<p class=\"link-more\"><a href=\"https:\/\/duudinka.com\/?page_id=191\" class=\"more-link\">Continue reading<span class=\"screen-reader-text\"> &#8220;Censure!&#8221;<\/span><\/a><\/p>\n","protected":false},"author":1,"featured_media":0,"parent":0,"menu_order":0,"comment_status":"closed","ping_status":"closed","template":"","meta":[],"_links":{"self":[{"href":"https:\/\/duudinka.com\/index.php?rest_route=\/wp\/v2\/pages\/191"}],"collection":[{"href":"https:\/\/duudinka.com\/index.php?rest_route=\/wp\/v2\/pages"}],"about":[{"href":"https:\/\/duudinka.com\/index.php?rest_route=\/wp\/v2\/types\/page"}],"author":[{"embeddable":true,"href":"https:\/\/duudinka.com\/index.php?rest_route=\/wp\/v2\/users\/1"}],"replies":[{"embeddable":true,"href":"https:\/\/duudinka.com\/index.php?rest_route=%2Fwp%2Fv2%2Fcomments&post=191"}],"version-history":[{"count":15,"href":"https:\/\/duudinka.com\/index.php?rest_route=\/wp\/v2\/pages\/191\/revisions"}],"predecessor-version":[{"id":418,"href":"https:\/\/duudinka.com\/index.php?rest_route=\/wp\/v2\/pages\/191\/revisions\/418"}],"wp:attachment":[{"href":"https:\/\/duudinka.com\/index.php?rest_route=%2Fwp%2Fv2%2Fmedia&parent=191"}],"curies":[{"name":"wp","href":"https:\/\/api.w.org\/{rel}","templated":true}]}}