{"id":342,"date":"2022-06-13T11:04:21","date_gmt":"2022-06-13T09:04:21","guid":{"rendered":"http:\/\/duudinka.com\/?page_id=342"},"modified":"2026-04-21T00:21:44","modified_gmt":"2026-04-20T22:21:44","slug":"les-cailloux-meurent-aussi","status":"publish","type":"page","link":"https:\/\/duudinka.com\/?page_id=342","title":{"rendered":"les cailloux meurent aussi"},"content":{"rendered":"\n<h5>Que se disent les atomes qui chuchotent la nuit dans notre dos ?<\/h5>\n\n\n\n<figure class=\"wp-block-image size-large\"><img loading=\"lazy\" width=\"700\" height=\"700\" src=\"http:\/\/duudinka.com\/wp-content\/uploads\/2022\/06\/Les-cailloux-pas-de-bord-3000pxl-700x700-1.jpg\" alt=\"\" class=\"wp-image-356\" srcset=\"https:\/\/duudinka.com\/wp-content\/uploads\/2022\/06\/Les-cailloux-pas-de-bord-3000pxl-700x700-1.jpg 700w, https:\/\/duudinka.com\/wp-content\/uploads\/2022\/06\/Les-cailloux-pas-de-bord-3000pxl-700x700-1-300x300.jpg 300w, https:\/\/duudinka.com\/wp-content\/uploads\/2022\/06\/Les-cailloux-pas-de-bord-3000pxl-700x700-1-150x150.jpg 150w, https:\/\/duudinka.com\/wp-content\/uploads\/2022\/06\/Les-cailloux-pas-de-bord-3000pxl-700x700-1-100x100.jpg 100w\" sizes=\"(max-width: 700px) 100vw, 700px\" \/><\/figure>\n\n\n\n<p>Un jour, une chimiste se rend compte qu\u2019elle entend certains atomes parler. Elle se lie d\u2019amiti\u00e9 avec deux d\u2019entre eux. Ensemble, ils partent se promener dans une usine d\u00e9saffect\u00e9e de transformation du charbon, en banlieue de Charleroi. Ils atterrissent dans la galerie d\u2019une mine qui para\u00eet encore en activit\u00e9.<\/p>\n\n\n\n<p>Souvenirs d\u2019extraction, errances \u00e9lectroniques, amertume d\u2019une mati\u00e8re consid\u00e9r\u00e9e pour ce qu\u2019elle peut faire, jamais pour ce qu\u2019elle est.<br>Moiteur rassurante, ti\u00e8de et cosmique.<\/p>\n\n\n\n<p>Dans la galerie de la mine, la chimiste trouve un livre, qu\u2019elle ram\u00e8ne dans le monde physique. Ce livre est \u00e0 l\u2019objet sonore ce qu\u2019un corps est \u00e0 un esprit. L\u2019un ne peut exister sans l\u2019autre. Y sont abord\u00e9es les questions de transition num\u00e9rique et d\u2019extraction mini\u00e8re. La col\u00e8re, la tristesse, la joie fusionnent, le temps ne fera pas demi-tour.<\/p>\n\n\n\n<p>Ce livre est disponible \u00e0 Bruxelles (Parchemins, Brin d&#8217;acier et M\u00e9t\u00e9ores) ou en commande sur <a href=\"https:\/\/www.etsy.com\/fr\/listing\/4491855670\/livre-les-cailloux-meurent-aussi\">Etsy<\/a>.<\/p>\n\n\n\n<figure class=\"wp-block-embed-soundcloud wp-block-embed is-type-rich is-provider-soundcloud wp-embed-aspect-4-3 wp-has-aspect-ratio\"><div class=\"wp-block-embed__wrapper\">\n<iframe title=\"les cailloux meurent aussi by Duu Din Ka\" width=\"525\" height=\"400\" scrolling=\"no\" frameborder=\"no\" src=\"https:\/\/w.soundcloud.com\/player\/?visual=true&#038;url=https%3A%2F%2Fapi.soundcloud.com%2Ftracks%2F1297097188&#038;show_artwork=true&#038;maxheight=788&#038;maxwidth=525\"><\/iframe>\n<\/div><\/figure>\n\n\n\n<p class=\"has-text-align-center\"><\/p>\n\n\n\n<p>Faire se rencontrer des mondes habituellement consid\u00e9r\u00e9s comme disjoints. C\u2019est cette id\u00e9e qui se tapie dans l\u2019ombre d<em>es cailloux meurent aussi<\/em>. Exhumer des langages, chercher les termes ad\u00e9quats, avancer sur une ligne de cr\u00eate : tendre un micro vers les atomes chauds qui chuchotent la nuit dans notre dos.<\/p>\n\n\n\n<p><strong>\u00c9quipe de r\u00e9alisation<\/strong><\/p>\n\n\n\n<p>R\u00e9alisation, \u00e9criture, montage \u2013 Mathilde Schoenauer Sebag<br>Avec les voix d\u2019Audrey Esnault, Fran\u00e7ois Ischia, Matthieu Chass\u00e9, Ana Maria Lozano Rivera, Anne Sauz\u00e8de-Lagarde, Mathis Pernet, Sylvain Le Falher, Florent Lanquetin, Yan Pasquet, Vincent Rocquemont, Mathilde Schoenauer Sebag<br>Textes d\u2019Henri Gougaud, \u00c9ditions du Seuil, Chris Marker<br>Prise de son&nbsp;\u2013 Jeanne Debarsy, Emmanuel Botteriaux, Aur\u00e9lien Lebourg<br>Cr\u00e9ation sonore, harpe \u2013 Duu Din Ka<br>Flute \u2013 Fran\u00e7ois Ischia<br>Violoncelle &#8211; Olivier G\u00e9min<br>Mixage \u2013 R\u00e9mi G\u00e9rard<br>Conseil scientifique \u2013 Matthieu Chass\u00e9, Ana Maria Lozano Rivera, In\u00e9s Calvo, Ileyk El Mellah<br>Graphisme, impression et petits cailloux \u2013 Juliette Damien<br>Peintures \u2013 David Temprano Mediavilla<br>Production Transcultures<\/p>\n\n\n\n<p>Avec le soutien de l\u2019ACSR et du Fonds d\u2019aide \u00e0 la Cr\u00e9ation Radiophonique.<br>les cailloux ont \u00e9t\u00e9 s\u00e9lectionn\u00e9s au Grand Prix Nova et au Prix Europa 2023, et ont remport\u00e9 le troisi\u00e8me prix en fiction au UK Radio Drama International Festival.<\/p>\n\n\n\n<p>L&#8217;article ci-dessous est issu d&#8217;une interview men\u00e9e par Jacques Urbanska, de Transcultures, dans la revue Turbulences Vid\u00e9o de janvier 2023.<\/p>\n\n\n<a href=\"https:\/\/duudinka.com\/wp-content\/uploads\/2023\/03\/Turbulences-Video-118-2023-01-Mathilde-Jacques-Urbanska.pdf\" class=\"pdfemb-viewer\" style=\"\" data-width=\"max\" data-height=\"max\"  data-toolbar=\"bottom\" data-toolbar-fixed=\"off\">Turbulences-Video-118-2023-01-Mathilde-Jacques-Urbanska<br\/><\/a>\n<p class=\"wp-block-pdfemb-pdf-embedder-viewer\"><\/p>\n\n\n\n<h2>Livre<\/h2>\n\n\n\n<p>Ce livre que l&#8217;h\u00e9roine trouve dans la gallerie de la mine, le voici. Il a \u00e9t\u00e9 imprim\u00e9 et \u00e9dit\u00e9 avec l&#8217;\u00e9ditrice Juliette Damien. Aujourd&#8217;hui, il aimerait bien \u00eatre r\u00e9\u00e9dit\u00e9 car les 300 exemplaires ont \u00e9t\u00e9 tous vendus et qu&#8217;il semble avoir beaucoup plu.<\/p>\n\n\n\n<figure class=\"wp-block-image size-large\"><img loading=\"lazy\" width=\"768\" height=\"1024\" src=\"https:\/\/duudinka.com\/wp-content\/uploads\/2025\/10\/recto-livre-cailloux-meurent-aussi-1-768x1024.jpg\" alt=\"\" class=\"wp-image-447\" srcset=\"https:\/\/duudinka.com\/wp-content\/uploads\/2025\/10\/recto-livre-cailloux-meurent-aussi-1-768x1024.jpg 768w, https:\/\/duudinka.com\/wp-content\/uploads\/2025\/10\/recto-livre-cailloux-meurent-aussi-1-225x300.jpg 225w, https:\/\/duudinka.com\/wp-content\/uploads\/2025\/10\/recto-livre-cailloux-meurent-aussi-1.jpg 960w\" sizes=\"(max-width: 767px) 89vw, (max-width: 1000px) 54vw, (max-width: 1071px) 543px, 580px\" \/><\/figure>\n\n\n\n<figure class=\"wp-block-image size-large\"><img loading=\"lazy\" width=\"768\" height=\"1024\" src=\"https:\/\/duudinka.com\/wp-content\/uploads\/2025\/10\/thumbnail_Image-1-1-768x1024.jpg\" alt=\"\" class=\"wp-image-448\" srcset=\"https:\/\/duudinka.com\/wp-content\/uploads\/2025\/10\/thumbnail_Image-1-1-768x1024.jpg 768w, https:\/\/duudinka.com\/wp-content\/uploads\/2025\/10\/thumbnail_Image-1-1-225x300.jpg 225w, https:\/\/duudinka.com\/wp-content\/uploads\/2025\/10\/thumbnail_Image-1-1.jpg 960w\" sizes=\"(max-width: 767px) 89vw, (max-width: 1000px) 54vw, (max-width: 1071px) 543px, 580px\" \/><\/figure>\n","protected":false},"excerpt":{"rendered":"<p>Que se disent les atomes qui chuchotent la nuit dans notre dos ? Un jour, une chimiste se rend compte qu\u2019elle entend certains atomes parler. Elle se lie d\u2019amiti\u00e9 avec deux d\u2019entre eux. Ensemble, ils partent se promener dans une usine d\u00e9saffect\u00e9e de transformation du charbon, en banlieue de Charleroi. Ils atterrissent dans la galerie &hellip; <\/p>\n<p class=\"link-more\"><a href=\"https:\/\/duudinka.com\/?page_id=342\" class=\"more-link\">Continue reading<span class=\"screen-reader-text\"> &#8220;les cailloux meurent aussi&#8221;<\/span><\/a><\/p>\n","protected":false},"author":1,"featured_media":0,"parent":0,"menu_order":0,"comment_status":"closed","ping_status":"closed","template":"","meta":[],"_links":{"self":[{"href":"https:\/\/duudinka.com\/index.php?rest_route=\/wp\/v2\/pages\/342"}],"collection":[{"href":"https:\/\/duudinka.com\/index.php?rest_route=\/wp\/v2\/pages"}],"about":[{"href":"https:\/\/duudinka.com\/index.php?rest_route=\/wp\/v2\/types\/page"}],"author":[{"embeddable":true,"href":"https:\/\/duudinka.com\/index.php?rest_route=\/wp\/v2\/users\/1"}],"replies":[{"embeddable":true,"href":"https:\/\/duudinka.com\/index.php?rest_route=%2Fwp%2Fv2%2Fcomments&post=342"}],"version-history":[{"count":15,"href":"https:\/\/duudinka.com\/index.php?rest_route=\/wp\/v2\/pages\/342\/revisions"}],"predecessor-version":[{"id":489,"href":"https:\/\/duudinka.com\/index.php?rest_route=\/wp\/v2\/pages\/342\/revisions\/489"}],"wp:attachment":[{"href":"https:\/\/duudinka.com\/index.php?rest_route=%2Fwp%2Fv2%2Fmedia&parent=342"}],"curies":[{"name":"wp","href":"https:\/\/api.w.org\/{rel}","templated":true}]}}