{"id":44,"date":"2018-01-17T17:44:31","date_gmt":"2018-01-17T16:44:31","guid":{"rendered":"http:\/\/duudinka.com\/?page_id=44"},"modified":"2024-10-01T11:44:35","modified_gmt":"2024-10-01T09:44:35","slug":"interet","status":"publish","type":"page","link":"https:\/\/duudinka.com\/?page_id=44","title":{"rendered":"Qui .."},"content":{"rendered":"\n<h2>\u00c0 l&#8217;origine, une poign\u00e9e d&#8217;atomes<\/h2>\n\n\n\n<p>Derri\u00e8re Duu Din Ka, il y a moi, Mathilde Schoenauer Sebag ; le croisement entre une toupie, une m\u00e9t\u00e9orite et de la fum\u00e9e.<br>Je me localise \u00e0 l&#8217;intersection entre une bonne poign\u00e9e de lignes courbes. Les lignes ont des \u00e9tiquettes : pratique instrumentale, cr\u00e9ation sonore,  techno, th\u00e9\u00e2tre, enseignement. Jeu.<br>Musique \u00e9lectroacoustique, \u00e9criture, jazz, atomes, radio, po\u00e9sie, vulgarisation scientifique, vid\u00e9o, improvisation, activisme, field recording. Corps.<br><br>Il y a des lignes sans \u00e9tiquettes.<br><br>J&#8217;ai un doctorat en sciences des mat\u00e9riaux, et \u00e7a impressionne parfois, mais c&#8217;est juste trois ans \u00e0 faire une seule chose, donc c&#8217;est aussi admirable que de collecter le nom des arbres sur une petite parcelle ou d&#8217;essayer de faire le meilleur clafoutis.<br>Le probl\u00e8me de mon doctorat, c&#8217;est que je n&#8217;ai pas sauv\u00e9 le monde avec mes panneaux solaires high tech. Donc il a fallu se d\u00e9caler.<br>Flouter les fronti\u00e8res.<br><br>Entre le s\u00e9rieux des monsieurs blancs qui hochent la t\u00eate en \u00e9coutant des gratouillis de papier de verre contre des boites en plastique, et le reggaeton.<br>Entre la Science, et la Croyance.<br>Entre le corps, l&#8217;esprit ; entre la sc\u00e8ne et le son.<br>Entre le monde raisonnable et le jeu.<br>Entre la fiction et r\u00e9alit\u00e9.<br>Entre l&#8217;\u00e9trange courriel d&#8217;un nationaliste corse et la cuisson des \u0153ufs.<br><br>Aujourd&#8217;hui, je prom\u00e8ne mes \u00e9lectrons entre cr\u00e9ation sonore, chronique scientifico-politique, enseignement scientifique dans le secondaire, ateliers de radio, DJsets, recherche et \u00e9criture, r\u00e9alisation radio et th\u00e9\u00e2tre. On dirait que je fais beaucoup de choses, mais le sommeil et la f\u00eate restent les volumes temporels principaux de ma vie.<br>Mes sujets-dada du moment, c&#8217;est la narration sp\u00e9culative. Imaginer des futurs qui nous font envie, des futurs proches et qui d\u00e9bouchent l&#8217;horizon. Je passe beaucoup de temps \u00e0 penser aux programmes de machine \u00e0 laver, j&#8217;ai rejoins la petite arm\u00e9e qui veut d\u00e9troner le progr\u00e8s technique de son pi\u00e9destal dictant nos futurs, et je pr\u00e9pare les bouquets de fleurs qu&#8217;on y mettre \u00e0 la place.<br><\/p>\n\n\n\n<p><br><\/p>\n","protected":false},"excerpt":{"rendered":"<p>\u00c0 l&#8217;origine, une poign\u00e9e d&#8217;atomes Derri\u00e8re Duu Din Ka, il y a moi, Mathilde Schoenauer Sebag ; le croisement entre une toupie, une m\u00e9t\u00e9orite et de la fum\u00e9e.Je me localise \u00e0 l&#8217;intersection entre une bonne poign\u00e9e de lignes courbes. Les lignes ont des \u00e9tiquettes : pratique instrumentale, cr\u00e9ation sonore, techno, th\u00e9\u00e2tre, enseignement. Jeu.Musique \u00e9lectroacoustique, \u00e9criture, &hellip; <\/p>\n<p class=\"link-more\"><a href=\"https:\/\/duudinka.com\/?page_id=44\" class=\"more-link\">Continue reading<span class=\"screen-reader-text\"> &#8220;Qui ..&#8221;<\/span><\/a><\/p>\n","protected":false},"author":1,"featured_media":0,"parent":0,"menu_order":0,"comment_status":"closed","ping_status":"closed","template":"","meta":[],"_links":{"self":[{"href":"https:\/\/duudinka.com\/index.php?rest_route=\/wp\/v2\/pages\/44"}],"collection":[{"href":"https:\/\/duudinka.com\/index.php?rest_route=\/wp\/v2\/pages"}],"about":[{"href":"https:\/\/duudinka.com\/index.php?rest_route=\/wp\/v2\/types\/page"}],"author":[{"embeddable":true,"href":"https:\/\/duudinka.com\/index.php?rest_route=\/wp\/v2\/users\/1"}],"replies":[{"embeddable":true,"href":"https:\/\/duudinka.com\/index.php?rest_route=%2Fwp%2Fv2%2Fcomments&post=44"}],"version-history":[{"count":21,"href":"https:\/\/duudinka.com\/index.php?rest_route=\/wp\/v2\/pages\/44\/revisions"}],"predecessor-version":[{"id":426,"href":"https:\/\/duudinka.com\/index.php?rest_route=\/wp\/v2\/pages\/44\/revisions\/426"}],"wp:attachment":[{"href":"https:\/\/duudinka.com\/index.php?rest_route=%2Fwp%2Fv2%2Fmedia&parent=44"}],"curies":[{"name":"wp","href":"https:\/\/api.w.org\/{rel}","templated":true}]}}