{"id":451,"date":"2025-10-14T13:54:16","date_gmt":"2025-10-14T11:54:16","guid":{"rendered":"http:\/\/duudinka.com\/?page_id=451"},"modified":"2026-02-26T15:09:32","modified_gmt":"2026-02-26T14:09:32","slug":"le-ministere-dynamique-de-linsubordination","status":"publish","type":"page","link":"https:\/\/duudinka.com\/?page_id=451","title":{"rendered":"Le Minist\u00e8re Dynamique de l&#8217;Insubordination"},"content":{"rendered":"\n<figure class=\"wp-block-image size-large\"><img loading=\"lazy\" width=\"676\" height=\"411\" src=\"https:\/\/duudinka.com\/wp-content\/uploads\/2025\/11\/image.png\" alt=\"\" class=\"wp-image-465\" srcset=\"https:\/\/duudinka.com\/wp-content\/uploads\/2025\/11\/image.png 676w, https:\/\/duudinka.com\/wp-content\/uploads\/2025\/11\/image-300x182.png 300w\" sizes=\"(max-width: 676px) 100vw, 676px\" \/><\/figure>\n\n\n\n<p>Comment raconter un pr\u00e9sent sinistre sans tomber dans le fatalisme ou la d\u00e9pression ? Comment modifier les perceptions, les sensibilit\u00e9s, les d\u00e9sirs, manipul\u00e9s et orient\u00e9s avec beaucoup de dext\u00e9rit\u00e9 et de moyens par le marketing, l&#8217;industrie de la fiction ? Comment faire contre-r\u00e9cit, comment r\u00e9-aiguiller nos vies pour d\u00e9sirer moins et mieux, pour prendre soin plut\u00f4t que racheter, pour se soucier de la mati\u00e8re et du temps, comme deux bons vieux amis \u00e0 m\u00e9nager plut\u00f4t qu\u2019\u00e0 dominer ?<\/p>\n\n\n\n<p>Il n\u2019y a heureusement pas qu\u2019une seule r\u00e9ponse \u00e0 ces questions, mais celles que nous avons choisies ici sont celles de la fiction et de l\u2019art sonore. En racontant le pr\u00e9sent d\u2019un point de vue futur, nous suivons la longue tradition du future design : nous posons un regard sur notre pr\u00e9sent depuis le futur, et il devient ainsi ais\u00e9 de grossir certains de ses traits, de le rendre grotesque, de le mettre \u00e0 distance pour mieux le critiquer, le d\u00e9former, penser comment r\u00e9sister. En rire.<\/p>\n\n\n\n<p><em>Le minist\u00e8re<\/em> est une pi\u00e8ce de th\u00e9\u00e2tre utilisant certains codes de la cr\u00e9ation radiophonique, \u00e0 moins que ce ne soit une pi\u00e8ce radiophonique utilisant certains codes du th\u00e9\u00e2tre&#8230;<\/p>\n\n\n\n<h2>Synopsis<\/h2>\n\n\n\n<p>Nous sommes en 660 apr\u00e8s la gr\u00e8ve du miel, en plein Flegmoc\u00e8ne, sur le plateau radio de la charismatique et min\u00e9rale Calypso.&nbsp; Elle y re\u00e7oit Luisa, anthropolichinelle rattach\u00e9e au Minist\u00e8re dynamique de l\u2019Insubordination, laboratoire de recherche transdisciplinaire, qui vient pr\u00e9senter les plus r\u00e9centes hypoth\u00e8ses de son \u00e9quipe concernant l\u2019\u00e8re g\u00e9ologique pr\u00e9c\u00e9dente, le Dualoc\u00e8ne. Les pi\u00e8ces g\u00e9ologiques retrouv\u00e9es sur les fouilles sont des enregistrements qui peignent, tout en hypoth\u00e8ses et en conjectures, le portrait d\u2019un ancien monde \u00e9trange o\u00f9 les choses marchent par deux, o\u00f9 toute une partie du monde court apr\u00e8s le temps, tandis qu\u2019une autre courbe l\u2019\u00e9chine. Dette coloniale, extractivisme, il y a tous les \u00e9l\u00e9ments pour \u00e9crire une bonne trag\u00e9die grecque &#8230; mais en changeant la fin. Car en fiction, on \u00e9crit bien ce que l&#8217;on d\u00e9sire.<\/p>\n\n\n\n<figure class=\"wp-block-image size-large\"><img loading=\"lazy\" width=\"683\" height=\"1021\" src=\"https:\/\/duudinka.com\/wp-content\/uploads\/2025\/10\/signal-2025-10-14-120049-PM.jpeg\" alt=\"\" class=\"wp-image-454\" srcset=\"https:\/\/duudinka.com\/wp-content\/uploads\/2025\/10\/signal-2025-10-14-120049-PM.jpeg 683w, https:\/\/duudinka.com\/wp-content\/uploads\/2025\/10\/signal-2025-10-14-120049-PM-201x300.jpeg 201w\" sizes=\"(max-width: 683px) 100vw, 683px\" \/><\/figure>\n\n\n\n<p>Nous sommes la compagnie des Aspiratrices par le Vide, bas\u00e9e \u00e0 Bruxelles.<\/p>\n\n\n\n<p>\u00c9criture, jeu : Mathilde Schoenauer Sebag et Elo\u00efse Bodin<br>Mise en sc\u00e8ne: Daphn\u00e9 Linardos<br>Voix : Anass Mbouombouo, Camille Bruneau, Mathilde Edenfeld, Paul Boniface.<br>Cr\u00e9ation sonore : Mathilde Schoenauer Sebag<br>Illustration : Audrey Esnault<\/p>\n\n\n\n<figure class=\"wp-block-image size-large\"><img loading=\"lazy\" width=\"745\" height=\"496\" src=\"https:\/\/duudinka.com\/wp-content\/uploads\/2025\/11\/image-1.png\" alt=\"\" class=\"wp-image-467\" srcset=\"https:\/\/duudinka.com\/wp-content\/uploads\/2025\/11\/image-1.png 745w, https:\/\/duudinka.com\/wp-content\/uploads\/2025\/11\/image-1-300x200.png 300w\" sizes=\"(max-width: 706px) 89vw, (max-width: 767px) 82vw, 740px\" \/><\/figure>\n\n\n\n<p>Cette cr\u00e9ation a donn\u00e9 naissance \u00e0 une r\u00e9flexion autour de la fiction sp\u00e9culative et de l&#8217;art sonore comme outils de recherche, de r\u00eaverie et de lib\u00e9ration face \u00e0 un horizon bouch\u00e9 par les r\u00e9cits omnipr\u00e9sents de futurs tant\u00f4t  dystopiques ou post-apocalyptiques, tant\u00f4t ultra-technologiques. L&#8217;invention de futurs d\u00e9sirables et farfelus est n\u00e9cessaire pour sortir de cette dichotomie asphyxiante. L&#8217;art sonore d&#8217;autre part entraine notre muscle sensible nous ouvrant \u00e0 la complexit\u00e9 et la richesse d&#8217;autres fa\u00e7ons d&#8217;\u00eatre au monde. Pour en finir avec l&#8217;exceptionnalisme humain.<br><br>Ces r\u00e9flexions nous ont permis d&#8217;\u00e9crire l&#8217;article suivant, paru dans la parution du Degrowth Journal d\u00e9di\u00e9e \u00e0 l&#8217;art, publi\u00e9e en avril 2025.<\/p>\n\n\n<a href=\"https:\/\/duudinka.com\/wp-content\/uploads\/2026\/02\/document.pdf\" class=\"pdfemb-viewer\" style=\"\" data-width=\"max\" data-height=\"max\"  data-toolbar=\"bottom\" data-toolbar-fixed=\"off\">document<br\/><\/a>\n<p class=\"wp-block-pdfemb-pdf-embedder-viewer\"><\/p>\n\n\n\n<p><br><\/p>\n","protected":false},"excerpt":{"rendered":"<p>Comment raconter un pr\u00e9sent sinistre sans tomber dans le fatalisme ou la d\u00e9pression ? Comment modifier les perceptions, les sensibilit\u00e9s, les d\u00e9sirs, manipul\u00e9s et orient\u00e9s avec beaucoup de dext\u00e9rit\u00e9 et de moyens par le marketing, l&#8217;industrie de la fiction ? Comment faire contre-r\u00e9cit, comment r\u00e9-aiguiller nos vies pour d\u00e9sirer moins et mieux, pour prendre soin &hellip; <\/p>\n<p class=\"link-more\"><a href=\"https:\/\/duudinka.com\/?page_id=451\" class=\"more-link\">Continue reading<span class=\"screen-reader-text\"> &#8220;Le Minist\u00e8re Dynamique de l&#8217;Insubordination&#8221;<\/span><\/a><\/p>\n","protected":false},"author":1,"featured_media":0,"parent":0,"menu_order":0,"comment_status":"closed","ping_status":"closed","template":"","meta":[],"_links":{"self":[{"href":"https:\/\/duudinka.com\/index.php?rest_route=\/wp\/v2\/pages\/451"}],"collection":[{"href":"https:\/\/duudinka.com\/index.php?rest_route=\/wp\/v2\/pages"}],"about":[{"href":"https:\/\/duudinka.com\/index.php?rest_route=\/wp\/v2\/types\/page"}],"author":[{"embeddable":true,"href":"https:\/\/duudinka.com\/index.php?rest_route=\/wp\/v2\/users\/1"}],"replies":[{"embeddable":true,"href":"https:\/\/duudinka.com\/index.php?rest_route=%2Fwp%2Fv2%2Fcomments&post=451"}],"version-history":[{"count":7,"href":"https:\/\/duudinka.com\/index.php?rest_route=\/wp\/v2\/pages\/451\/revisions"}],"predecessor-version":[{"id":478,"href":"https:\/\/duudinka.com\/index.php?rest_route=\/wp\/v2\/pages\/451\/revisions\/478"}],"wp:attachment":[{"href":"https:\/\/duudinka.com\/index.php?rest_route=%2Fwp%2Fv2%2Fmedia&parent=451"}],"curies":[{"name":"wp","href":"https:\/\/api.w.org\/{rel}","templated":true}]}}