{"id":91,"date":"2019-10-28T16:57:27","date_gmt":"2019-10-28T15:57:27","guid":{"rendered":"http:\/\/duudinka.com\/?page_id=91"},"modified":"2022-06-20T13:19:16","modified_gmt":"2022-06-20T11:19:16","slug":"live-project","status":"publish","type":"page","link":"https:\/\/duudinka.com\/?page_id=91","title":{"rendered":"Live Project"},"content":{"rendered":"\n<p>Un projet de solo live est n\u00e9 d&#8217;une envie de bricoler sur sc\u00e8ne, et non de reproduire les chansons de l&#8217;album. Il repose sur l&#8217;improvisation et voyage entre l&#8217;ambient,  la noise, la techno. On y retrouve harpe modifi\u00e9e, sons dans l&#8217;eau, synth\u00e9 qui gribouille, objets d&#8217;ici et la, chant et quelques textes \u00e9nerv\u00e9s. <br>Il explore une dimension sensible et intime, fragile, proche du d\u00e9s\u00e9quilibre, ou les magazines f\u00e9minins sont jet\u00e9s au milieu d&#8217;une cokerie d\u00e9saffect\u00e9e. Et,  ou, plong\u00e9 dans la p\u00e9nombre, le public peut se permettre de retrouver les bruits originels.<br>C&#8217;est aussi une invitation a se balader un peu du cot\u00e9 de la fronti\u00e8re suppos\u00e9e herm\u00e9tique entre l\u2019ou\u00efe, l&#8217;odorat et le toucher.<\/p>\n\n\n\n<p><\/p>\n\n\n<p><iframe title=\"Duu Din Ka - Live Project - Suddenly Last Summer\" width=\"525\" height=\"295\" src=\"https:\/\/www.youtube.com\/embed\/0tkCUU_uY8A?feature=oembed\" frameborder=\"0\" allow=\"accelerometer; autoplay; encrypted-media; gyroscope; picture-in-picture\" allowfullscreen><\/iframe><\/p>\n\n\n\n<p class=\"has-text-align-center\">Video du live Suddenly Last Summer &#8211;  par Roses Kakis<\/p>\n\n\n\n<figure class=\"wp-block-embed-youtube wp-block-embed is-type-video is-provider-youtube wp-embed-aspect-16-9 wp-has-aspect-ratio\"><div class=\"wp-block-embed__wrapper\">\n<iframe title=\"Duu Din Ka - Live @ L&#039;autre Caserne - l\u2019\u00e9treinte du conbava\" width=\"525\" height=\"295\" src=\"https:\/\/www.youtube.com\/embed\/videoseries?list=PLyHCb0kZ8Q3a0B6Zsb5ffGPo1Ta7jm65L\" frameborder=\"0\" allow=\"accelerometer; autoplay; encrypted-media; gyroscope; picture-in-picture\" allowfullscreen><\/iframe>\n<\/div><figcaption>Live @ L&#8217;Autre Caserne &#8211; Bruxelles, 29\/02\/2020<\/figcaption><\/figure>\n","protected":false},"excerpt":{"rendered":"<p>Un projet de solo live est n\u00e9 d&#8217;une envie de bricoler sur sc\u00e8ne, et non de reproduire les chansons de l&#8217;album. Il repose sur l&#8217;improvisation et voyage entre l&#8217;ambient, la noise, la techno. On y retrouve harpe modifi\u00e9e, sons dans l&#8217;eau, synth\u00e9 qui gribouille, objets d&#8217;ici et la, chant et quelques textes \u00e9nerv\u00e9s. Il explore &hellip; <\/p>\n<p class=\"link-more\"><a href=\"https:\/\/duudinka.com\/?page_id=91\" class=\"more-link\">Continue reading<span class=\"screen-reader-text\"> &#8220;Live Project&#8221;<\/span><\/a><\/p>\n","protected":false},"author":1,"featured_media":0,"parent":0,"menu_order":0,"comment_status":"closed","ping_status":"closed","template":"","meta":[],"_links":{"self":[{"href":"https:\/\/duudinka.com\/index.php?rest_route=\/wp\/v2\/pages\/91"}],"collection":[{"href":"https:\/\/duudinka.com\/index.php?rest_route=\/wp\/v2\/pages"}],"about":[{"href":"https:\/\/duudinka.com\/index.php?rest_route=\/wp\/v2\/types\/page"}],"author":[{"embeddable":true,"href":"https:\/\/duudinka.com\/index.php?rest_route=\/wp\/v2\/users\/1"}],"replies":[{"embeddable":true,"href":"https:\/\/duudinka.com\/index.php?rest_route=%2Fwp%2Fv2%2Fcomments&post=91"}],"version-history":[{"count":11,"href":"https:\/\/duudinka.com\/index.php?rest_route=\/wp\/v2\/pages\/91\/revisions"}],"predecessor-version":[{"id":360,"href":"https:\/\/duudinka.com\/index.php?rest_route=\/wp\/v2\/pages\/91\/revisions\/360"}],"wp:attachment":[{"href":"https:\/\/duudinka.com\/index.php?rest_route=%2Fwp%2Fv2%2Fmedia&parent=91"}],"curies":[{"name":"wp","href":"https:\/\/api.w.org\/{rel}","templated":true}]}}